?
1000000
In base 5, what is -1 + 2020?
2014
In base 9, what is -5 + 5836?
5831
In base 3, what is -100 + 21210?
21110
In base 5, what is 2 + 22140?
22142
In base 16, what is -26a7 - -2?
-26a5
In base 4, what is 11 - -300?
311
In base 6, what is 21 - 52?
-31
In base 11, what is 345 - -4?
349
In base 7, what is -3 + 354?
351
In base 6, what is 3 - -145?
152
In base 16, what is -c - -2f?
23
In base 11, what is 128 + 0?
128
In base 8, what is 273 - 0?
273
In base 6, what is -15 + -21?
-40
In base 7, what is -1505 - 3?
-1511
In base 3, what is 1221 + 101?
2022
In base 8, what is 1 + -60?
-57
In base 12, what is 4a - 1?
49
In base 10, what is -282 - -12?
-270
In base 12, what is 85 + 0?
85
In base 4, what is 23 - 3121?
-3032
In base 8, what is -334 + 0?
-334
In base 15, what is 4 - -786?
78a
In base 14, what is 1c + -5c?
-40
In base 13, what is -2 + 1486?
1484
In base 11, what is -23 + -a76?
-a99
In base 9, what is 2 + 33?
35
In base 4, what is -12001 + -11?
-12012
In base 10, what is -24 - -398?
374
In base 10, what is 0 - -789?
789
In base 5, what is 1413 + -22?
1341
In base 5, what is -2330 - -4?
-2321
In base 6, what is 5 + -33?
-24
In base 16, what is 32b - -23?
34e
In base 2, what is 10011 + 111000001?
111010100
In base 11, what is -36 - -4?
-32
In base 7, what is -2 + 105?
103
In base 10, what is -84 + 2?
-82
In base 13, what is 1 - -304?
305
In base 11, what is -9 + -4?
-12
In base 15, what is 32 - 17?
1a
In base 5, what is 1343 + -42?
1301
In base 16, what is -50 - -14?
-3c
In base 9, what is -3 - -2010?
2006
In base 16, what is -a6 + 3?
-a3
In base 14, what is 5 - -117?
11c
In base 12, what is -94 + -1?
-95
In base 14, what is -3 + -19c?
-1a1
In base 2, what is -101011 - -100?
-100111
In base 8, what is 7 - -47?
56
In base 8, what is 11432 + 0?
11432
In base 15, what is -a + -30?
-3a
In base 10, what is -15 - -21?
6
In base 5, what is 10 + 1222?
1232
In base 12, what is 1 - 61?
-60
In base 10, what is 89 - 10?
79
In base 4, what is 1 - -220312?
220313
In base 5, what is 230000 + 3?
230003
In base 8, what is 71320 + -4?
71314
In base 13, what is 11c8 + 4?
11cc
In base 8, what is 15062 + 5?
15067
In base 4, what is 20030 + 31?
20121
In base 11, what is -613 - 3?
-616
In base 14, what is 9 + -10?
-5
In base 6, what is 122540 + -2?
122534
In base 16, what is -166 + 8?
-15e
In base 9, what is 3 - 1287?
-1284
In base 2, what is 1010110 + -1101110?
-11000
In base 11, what is -8 + 20?
13
In base 8, what is 20 - 0?
20
In base 7, what is -441 - -1?
-440
In base 11, what is 4 + -36?
-32
In base 2, what is -110110100101 - -101?
-110110100000
In base 6, what is 34 + 20?
54
In base 3, what is 1 + -10002?
-10001
In base 15, what is -2 + 27?
25
In base 11, what is -a08 - -2?
-a06
In base 5, what is 3 + 42?
100
In base 5, what is 24 + -1011?
-432
In base 12, what is -3a - -5?
-35
In base 9, what is 1 + 17?
18
In base 12, what is 16 - -4?
1a
In base 9, what is 2 + 6062?
6064
In base 14, what is -120 + -5?
-125
In base 16, what is -18f + 0?
-18f
In base 7, what is -56260 - -1?
-56256
In base 11, what is 0 - -62?
62
In base 12, what is -259 + -1?
-25a
In base 14, what is -2 + -2?
-4
In base 2, what is -101001 + 11011?
-1110
In base 10, what is -4 + 83?
79
In base 10, what is -1 - 140?
-141
In base 9, what is -154 - 0?
-154
In base 10, what is 42 + -163?
-121
In base 4, what is 30200 + 10?
30210
In base 16, what is -129 - 1f?
-148
In base 14, what is 0 + 4b?
4b
In base 16, what is -20 - a?
-2a
In base 4, what is -121323 + -21?
-122010
In base 9, what is 5 + 66?
72
In base 13, what is -1 - 1b3?
-1b4
In base 7, what is -3316 - 1?
-3320
In base 5, what is 342 + -21?
321
In base 3, what is 100 + -2012?
-1212
In base 16, what is -2 + 18?
16
In base 13, what is 3 + c?
12
In base 11, what is 63 - 6?
58
In base 6, what is -1 - 202?
-203
In base 4, what is -11 + 12232?
12221
In base 9, what is 3 + 625?
628
In base 10, what is 39 + -4?
35
In base 11, what is 5 - 2201?
-21a7
In base 3, what is -1011011211 + 0?
-1011011211
In base 5, what is -34344 + 1?
-34343
In base 2, what is 1 + 111001100?
111001101
In base 14, what is 2d + 4?
33
In base 12, what is -1 - -36?
35
In base 4, what is 2022 - -1?
2023
In base 4, what is -322 - -1?
-321
In base 11, what is 10 - 17?
-7
In base 16, what is -1 + 38?
37
In base 16, what is 3a + -5?
35
In base 11, what is 18 + 260?
278
In base 7, what is 2 + 41?
43
In base 10, what is 1 - 61?
-60
In base 7, what is 5 + -166?
-161
In base 2, what is -1011 - 1?
-1100
In base 2, what is 1100111100 + 100?
1101000000
In base 6, what is -11342 + 14?
-11324
In base 13, what is -3 - 123?
-126
In base 3, what is 2 - 221121?
-221112
In base 5, what is 32 - 13?
14
In base 14, what is d3 + 6?
d9
In base 10, what is 55 + 60?
115
In base 3, what is 12 + -210121?
-210102
In base 13, what is -12 + 82?
70
In base 15, what is -16 - 72?
-88
In base 11, what is 8 - 2?
6
In base 5, what is 13133 + -4?
13124
In base 2, what is -10 - 111011011100?
-111011011110
In base 14, what is 10 + -2?
c
In base 12, what is 1 - -b?
10
In base 15, what is -3 + 65?
62
In base 11, what is -1173 - -2?
-1171
In base 12, what is -369 + -5?
-372
In base 4, what is -2023 + 2?
-2021
In base 6, what is -3 - -344?
341
In base 10, what is 62 - 3?
59
In base 13, what is 242b - -2?
2430
In base 15, what is 5 - -50?
55
In base 7, what is -35 - 0?
-35
In base 2, what is 11001 + -110111?
-11110
In base 11, what is 63 + -125?
-72
In base 16, what is 4 + 2?
6
In base 12, what is a + 17?
25
In base 5, what is 3212 - 0?
3212
In base 2, what is 10110111 - -110?
10111101
In base 2, what is -1111101110 + -11?
-1111110001
In base 4, what is 122 + 1?
123
In base 13, what is -5 + -56?
-5b
In base 12, what is 8 - -2b?
37
In base 16, what is 77 - -42?
b9
In base 15, what is 9b + 3?
9e
In base 14, what is -3 - -131?
12c
In base 14, what is -49 + 5?
-44
In base 15, what is -7 + -4?
-b
In base 6, what is 122 - 2?
120
In base 13, what is 3 + 28?
2b
In base 3, what is 212220222 + -1?
212220221
In base 16, what is 20 + 3?
23
In base 14, what is 3 - -176b?
1770
In base 2, what is -10000100 - -110?
-1111110
In base 9, what is -75 - -2?
-73
In base 10, what is 4 + 1268?
1272
In base 11, what is -11 - 38?
-49
In base 5, what is -334201 + -1?
-334202
In base 8, what is -171 + 421?
230
In base 14, what is 5 - 46?
-41
In base 14, what is 25 + 1?
26
In base 16, what is 7e - b?
73
In base 14, what is -85 + -7?
-8c
In base 14, what is -2815 - 1?
-2816
In base 5, what is -2 + 12332?
12330
In base 15, what is -4 + d2?
cd
In base 5, what is -1004 - 0?
-1004
In base 11, what is -4 - 4079?
-4082
In base 7, what is -2161 - -1?
-2160
In base 16, what is 87bc + -2?
87ba
In base 5, what is 1101 - -12?
1113
In base 8, what is 11 + 0?
11
In base 5, what is 131 + 3?
134
In base 4, what is -3313 - 10?
-3323
In base 10, what is 0 - 1091?
-1091
In base 7, what is -62142 - -2?
-62140
In base 4, what is 3302 - 2?
3300
In base 8, what is 125 - 1?
124
In base 13, what is -99b + 0?
-99b
In base 16, what is 1a + -1?
19
In base 13, what is -285 - 3?
-288
In base 14, what is -5 + -41?
-46
In base 13, what is -6 - -135?
12c
In base 7, what is -21 + 100?
46
In base 10, what is -11 - -10?
-1
In base 8, what is -4 + 421?
415
In base 8, what is 367 + 22?
411
In base 3, what is -11 + 0?
-11
In base 11, what is -1 - 84?
-85
In base 10, what is -930 - -2?
-928
In base 16, what is -f - -2?
-d
In base 6, what is 4 - -3255?
3303
In base 10, what is -12 - 18?
-30
In base 15, what is 43 + 1?
44
In base 15, what is -1cd6 + 1?
-1cd5
In base 6, what is 155 + -342?
-143
In base 14, what is -2c + 25?
-7
In base 5, what is -323 + -11?
-334
In base 11, what is 3 + 50?
53
In base 15, what is 1 - -81?
82
In base 5, what is -232 + -3?
-240
In base 12, what is -6 + -97?
-a1
In base 15, what is -22 - 4e?
-71
In base 13, what is 4 + a6a?
a71
In base 9, what is 20 - 1474?
-1454
In base 4, what is 10011 - -13?
10030
In base 2, what is -1110110001000 - -100?
-1110110000100
In base 5, what is 40 + 333?
423
In base 6, what is 11020 + 4?
11024
In base 7, what is 2 + 264?
266
In base 4, what is 1 - 1231?
-1230
In base 14, what is -16 + -11?
-27
In base 12, what is 0 + 15?
15
In base 7, what is 1216 + 1?
1220
In base 12, what is 5 - 29?
-24
In base 2, what is -111 - -11011?
